e 15
14a
Convert 123201 (base 4) to base 12.
1029
-342 (base 8) to base 10
-226
Convert 1100000011 (base 2) to base 8.
1403
What is 201121 (base 3) in base 2?
1000010001
Convert -6bc (base 16) to base 9.
-2325
Convert -35b (base 15) to base 2.
-1011111001
Convert -12123 (base 4) to base 2.
-110011011
Convert 2134 (base 16) to base 5.
233000
What is 2010111 (base 3) in base 14?
7cc
Convert -1670 (base 10) to base 6.
-11422
What is -aa8 (base 12) in base 9?
-2132
What is 10011110101111 (base 2) in base 13?
4816
What is 3133410 (base 5) in base 8?
146203
Convert 314340 (base 5) to base 7.
42614
Convert -1424 (base 14) to base 8.
-6750
What is 1015 (base 6) in base 2?
11100011
What is 10abb (base 12) in base 13?
a20b
-1241332 (base 5) to base 2
-110000000010000
-7aa6 (base 14) to base 11
-15017
Convert 10001000110 (base 2) to base 5.
13334
What is 5615 (base 9) in base 13?
1b6b
Convert -a14 (base 12) to base 3.
-1222221
5583 (base 9) to base 15
1350
Convert -22043 (base 5) to base 3.
-2002102
What is a016 (base 12) in base 9?
25650
Convert 476 (base 14) to base 8.
1570
Convert -3a76 (base 13) to base 14.
-30a6
Convert 4c (base 13) to base 16.
40
-1582 (base 14) to base 6
-25434
What is 2a2 (base 15) in base 14?
310
Convert 468 (base 15) to base 5.
12443
-a4ad (base 15) to base 10
-34813
-11892 (base 12) to base 2
-101110010101110
Convert -1132121 (base 5) to base 4.
-11012233
-443 (base 7) to base 5
-1402
-100101101111100 (base 2) to base 15
-5ad4
What is -1f5 (base 16) in base 14?
-27b
What is -10000011011 (base 2) in base 8?
-2033
What is -11862 (base 10) in base 3?
-121021100
What is 10010101011 (base 2) in base 11?
997
Convert -5abb (base 12) to base 9.
-15018
-110110111000 (base 2) to base 10
-3512
23023101 (base 4) to base 5
2431102
Convert -32037 (base 8) to base 13.
-60c5
Convert -1312 (base 7) to base 5.
-3444
1101301 (base 4) to base 12
3041
What is 153c (base 13) in base 14?
11ad
Convert 10736 (base 8) to base 3.
20021102
Convert 13610 (base 7) to base 5.
104411
What is -241 (base 14) in base 8?
-701
-76a (base 15) to base 11
-1293
Convert 3ba (base 14) to base 5.
11002
Convert -2901 (base 16) to base 3.
-112101210
-1212101 (base 3) to base 13
-808
What is 3a6 (base 11) in base 12?
33b
Convert -2656 (base 7) to base 5.
-13041
-1020 (base 3) to base 2
-100001
Convert -1241 (base 5) to base 11.
-169
10300 (base 5) to base 14
380
Convert acc3 (base 14) to base 13.
1083b
436 (base 13) to base 2
1011010001
What is 144403 (base 5) in base 11?
4752
5 (base 13) to base 6
5
-2414 (base 8) to base 3
-1202212
What is -30023 (base 6) in base 2?
-111100111111
200221101 (base 3) to base 6
143531
Convert -17243 (base 9) to base 8.
-27131
Convert -1b8d (base 14) to base 7.
-20436
What is -7341 (base 13) in base 9?
-23770
What is -110100010101 (base 2) in base 15?
-ed4
What is 1223 (base 5) in base 15?
c8
7254 (base 10) to base 11
54a5
What is -102120 (base 3) in base 16?
-138
-8d (base 14) to base 4
-1331
100001 (base 3) to base 13
15a
What is 882 (base 12) in base 6?
5442
25655 (base 8) to base 15
34a6
Convert 5d (base 16) to base 3.
10110
-112a (base 11) to base 10
-1484
What is 2032 (base 5) in base 11?
223
-320002 (base 4) to base 8
-7002
What is -4281 (base 9) in base 4?
-301033
114111 (base 5) to base 12
2589
Convert -222111 (base 3) to base 4.
-23023
-3413 (base 14) to base 5
-242113
44042 (base 5) to base 15
d67
-12200022 (base 3) to base 16
-102b
Convert 16c8 (base 16) to base 4.
1123020
b3c (base 14) to base 4
202202
520 (base 6) to base 2
11000000
Convert -11011111001 (base 2) to base 13.
-a74
Convert -500553 (base 6) to base 15.
-b8b3
-5bd9 (base 14) to base 12
-936b
What is 57913 (base 10) in base 13?
2048b
1011220 (base 3) to base 8
1535
231323 (base 4) to base 12
184b
What is 115 (base 11) in base 14?
9b
Convert 554 (base 11) to base 10.
664
What is 101101011110 (base 2) in base 11?
2206
20 (base 6) to base 2
1100
What is 156 (base 16) in base 15?
17c
Convert 446 (base 7) to base 15.
105
Convert 2301 (base 8) to base 11.
a07
Convert -1112221 (base 4) to base 10.
-5545
What is 1410024 (base 5) in base 7?
146601
Convert 2a73 (base 11) to base 16.
f70
Convert 1212120 (base 4) to base 15.
1e1c
Convert 280d (base 14) to base 16.
1b9d
What is -30033 (base 5) in base 13?
-b28
Convert -1010010101 (base 2) to base 13.
-3bb
Convert 100333 (base 4) to base 9.
1437
Convert -123223 (base 4) to base 14.
-907
Convert -111011011 (base 3) to base 11.
-7228
2143221 (base 5) to base 14
d851
What is -b97 (base 12) in base 7?
-4645
What is -399 (base 11) in base 3?
-122110
Convert -26102 (base 7) to base 8.
-15377
9d44 (base 14) to base 7
142414
What is 4ac (base 16) in base 14?
616
1191 (base 11) to base 9
2114
What is -28a (base 12) in base 9?
-477
5534 (base 8) to base 16
b5c
What is -23152 (base 8) in base 3?
-111111020
Convert 598 (base 10) to base 13.
370
What is -130121 (base 4) in base 12?
-1075
What is 2367 (base 8) in base 7?
3464
Convert -1031031 (base 4) to base 2.
-1001101001101
1021302 (base 4) to base 10
4722
What is -1112122021 (base 3) in base 8?
-73223
What is -849 (base 13) in base 16?
-585
What is -11341 (base 5) in base 15?
-3b6
What is 305331 (base 6) in base 5?
1241120
What is cb43 (base 16) in base 2?
1100101101000011
What is -2121202 (base 3) in base 8?
-3566
-100100000011000 (base 2) to base 5
-1042311
What is -9681 (base 12) in base 7?
-66100
What is -11231 (base 4) in base 5?
-2430
Convert 111 (base 4) to base 3.
210
What is -1122 (base 8) in base 10?
-594
What is 1570 (base 8) in base 16?
378
What is 10206 (base 7) in base 11?
1978
108 (base 11) to base 7
243
-132465 (base 8) to base 16
-b535
-1126 (base 8) to base 10
-598
What is -102123 (base 4) in base 14?
-603
Convert -106003 (base 7) to base 9.
-27784
-121233 (base 4) to base 12
-b53
1010100110 (base 2) to base 13
402
7055 (base 10) to base 14
27dd
What is -331142 (base 5) in base 14?
-423c
Convert 353 (base 8) to base 5.
1420
What is 27c8 (base 13) in base 3?
21212122
Convert 418 (base 9) to base 15.
17b
2123 (base 5) to base 12
200
1069b (base 12) to base 3
1002210102
What is -2e1 (base 16) in base 14?
-3a9
Convert c5a (base 14) to base 6.
15132
Convert -e10c (base 16) to base 10.
-57612
What is -221220 (base 3) in base 14?
-37d
189b (base 13) to base 3
12001012
Convert 231300 (base 4) to base 10.
2928
40167 (base 8) to base 6
204223
-5264 (base 7) to base 10
-1859
Convert 687 (base 15) to base 2.
10111000101
1435 (base 14) to base 6
24315
-6261 (base 8) to base 12
-1a69
423202 (base 6) to base 13
12887
Convert -576 (base 10) to base 13.
-354
811 (base 15) to base 10
1816
-49121 (base 11) to base 10
-70687
What is -4620 (base 7) in base 12?
-b80
What is 2441 (base 7) in base 8?
1617
Convert ef1 (base 16) to base 4.
323301
239bc (base 13) to base 14
19b89
26011 (base 10) to base 4
12112123
What is -200001020 (base 3) in base 14?
-4b19
Convert 7a (base 16) to base 15.
82
1298 (base 10) to base 12
902
110100000 (base 2) to base 6
1532
Convert -21021112 (base 3) to base 11.
-3a94
-399a (base 15) to base 10
-12295
Convert 3724 (base 12) to base 6.
44444
Convert 668 (base 9) to base 6.
2312
What is -30001 (base 4) in base 14?
-3cd
What is -824 (base 15) in base 7?
-5230
-11cc (base 13) to base 5
-40114
1d (base 14) to base 10
27
What is 26a5 (base 12) in base 2?
1000101011101
Convert -1211414 (base 5) to base 10.
-22734
What is -22500 (base 7) in base 4?
-1121211
What is -6aa7 (base 13) in base 16?
-3aa1
Convert -b91 (base 15) to base 12.
-1617
What is 203020 (base 4) in base 6?
14224
What is 662 (base 12) in base 16?
3aa
-3978 (base 14) to base 11
-7654
What is 3052 (base 6) in base 2?
1010101000
11231323 (base 4) to base 11
16660
What is -3233 (base 9) in base 16?
-94b
What is -30030 (base 4) in base 9?
-1056
Convert 145 (base 14) to base 4.
10001
What is 2032 (base 5) in base 15?
12c
What is 1200403 (base 6) in base 4?
33032103
What is 11001 (base 4) in base 3?
102220
What is -252 (base 9) in base 3?
-21202
-1111100101000111 (base 2) to base 9
-106475
-a49 (base 13) to base 5
-24001
What is 21320 (base 4) in base 5?
10012
What is -4a63 (base 11) in base 8?
-14713
What is 1165 (base 8) in base 11?
522
Convert 33003 (base 5) to base 12.
1379
What is fe9 (base 16) in base 1